
False
Is 5303427 a composite number?
True
Is 636371 a prime number?
False
Is 134849947 composite?
False
Is 2153759 a prime number?
False
Is 85977037 prime?
False
Is 191946839 a prime number?
False
Is 47974637 composite?
False
Is 1450177 composite?
False
Is 223579331 a prime number?
True
Is 877323 composite?
True
Is 6624161 a prime number?
False
Is 5755439 a composite number?
True
Is 1564237 a composite number?
False
Is 242654 composite?
True
Is 5341103 composite?
False
Is 61782247 a prime number?
False
Is 62352106 composite?
True
Is 84618221 prime?
True
Is 7281046 composite?
True
Is 2853073 a composite number?
True
Is 1224789 prime?
False
Is 3588539 composite?
True
Is 57561539 a prime number?
False
Is 357217 a prime number?
False
Is 63185587 prime?
True
Is 690343 prime?
False
Is 278449 prime?
False
Is 35454283 composite?
False
Is 3936167 a prime number?
True
Is 9972877 a prime number?
False
Is 289589 composite?
False
Is 1498687 a prime number?
True
Is 63753359 a prime number?
False
Is 18942733 a prime number?
True
Is 18664909 prime?
False
Is 298019 prime?
False
Is 10318673 prime?
True
Is 18184555 composite?
True
Is 494497 a composite number?
False
Is 2816497 a composite number?
True
Is 336403367 a prime number?
True
Is 6674599 composite?
False
Is 17390719 composite?
True
Is 68149381 prime?
True
Is 4299213 prime?
False
Is 25553779 a prime number?
False
Is 16867267 a prime number?
True
Is 61020359 a prime number?
False
Is 201626459 prime?
True
Is 9327953 composite?
False
Is 1585055 composite?
True
Is 10743923 a composite number?
False
Is 5147 composite?
False
Is 7286537 a prime number?
True
Is 15215663 prime?
False
Is 6243893 a prime number?
True
Is 18914759 prime?
True
Is 855187 a composite number?
False
Is 119123077 prime?
False
Is 67140719 prime?
True
Is 148920193 composite?
True
Is 7355093 a composite number?
False
Is 360385 a composite number?
True
Is 82416827 a prime number?
False
Is 20021189 a composite number?
True
Is 10234919 a prime number?
True
Is 98600233 prime?
False
Is 10297819 composite?
True
Is 12221679 prime?
False
Is 12168353 prime?
False
Is 3974349 prime?
False
Is 106001653 a prime number?
True
Is 35144903 prime?
True
Is 2933 composite?
True
Is 307582153 a prime number?
False
Is 219613067 prime?
True
Is 28683257 composite?
False
Is 108196003 composite?
False
Is 19093511 prime?
False
Is 4500703 prime?
False
Is 6679397 a composite number?
False
Is 4423897 prime?
True
Is 81928501 prime?
True
Is 1263659 composite?
False
Is 4098337 a composite number?
False
Is 15550858 a prime number?
False
Is 2657107 prime?
False
Is 191021 a composite number?
False
Is 1472463583 a prime number?
True
Is 211187 a prime number?
True
Is 21022639 prime?
False
Is 29604158 prime?
False
Is 3064021 prime?
False
Is 1525387 a composite number?
True
Is 366759287 prime?
True
Is 26631923 prime?
True
Is 11503829 a composite number?
True
Is 4883534 composite?
True
Is 634693 a prime number?
False
Is 86318795 composite?
True
Is 300851 prime?
True
Is 42189869 a prime number?
False
Is 1992367 a prime number?
False
Is 37773971 prime?
True
Is 98164207 composite?
True
Is 6454841 a prime number?
True
Is 981235 prime?
False
Is 21338511 composite?
True
Is 62336431 composite?
True
Is 80039 a prime number?
True
Is 636049 a prime number?
False
Is 36079111 composite?
True
Is 34712539 composite?
True
Is 2355179 a composite number?
True
Is 1200061 a composite number?
False
Is 5391937 composite?
False
Is 4940987 a composite number?
True
Is 5373179 a prime number?
False
Is 536567869 composite?
True
Is 2192867 prime?
False
Is 22848251 a prime number?
False
Is 12269339 a prime number?
False
Is 25511797 a composite number?
False
Is 39747314 composite?
True
Is 605719 a composite number?
False
Is 77911931 prime?
False
Is 9613873 a prime number?
False
Is 2722147 composite?
False
Is 4546862 composite?
True
Is 3537019 prime?
True
Is 35155313 prime?
True
Is 2053507 a prime number?
True
Is 20734099 a composite number?
False
Is 3008701 a prime number?
False
Is 36055223 composite?
False
Is 281791727 prime?
False
Is 18023459 composite?
True
Is 679324001 a prime number?
True
Is 12268807 a prime number?
False
Is 191056153 a composite number?
True
Is 496079 a prime number?
True
Is 36368807 a prime number?
True
Is 374401991 a composite number?
False
Is 112360043 prime?
True
Is 107378393 prime?
False
Is 273758 prime?
False
Is 8618377 a composite number?
False
Is 18160557 composite?
True
Is 18911177 composite?
False
Is 4883863 composite?
False
Is 355909 prime?
True
Is 4978003 composite?
False
Is 79785349 a composite number?
True
Is 173532221 prime?
True
Is 147011 composite?
False
Is 128468759 prime?
True
Is 922021 composite?
False
Is 12089851 a prime number?
True
Is 176971651 a prime number?
True
Is 87173783 composite?
False
Is 3062558 prime?
False
Is 1607923 composite?
False
Is 280920583 a composite number?
False
Is 100838657 a prime number?
True
Is 16140121 a prime number?
False
Is 123923 a prime number?
True
Is 1531097 prime?
False
Is 6797929 a composite number?
True
Is 136301521 a composite number?
True
Is 10456451 a composite number?
False
Is 2072513 prime?
False
Is 270899 prime?
True
Is 249041149 prime?
False
Is 261617 composite?
True
Is 16794073 composite?
True
Is 1331061 a composite number?
True
Is 50110909 prime?
True
Is 926017 a prime number?
True
Is 456598 composite?
True
Is 980845 composite?
True
Is 1969243 prime?
False
Is 1869449 a composite number?
False
Is 12367 a composite number?
True
Is 22543153 a composite number?
True
Is 3641801 prime?
True
Is 68259494 a composite number?
True
Is 1050139 prime?
True
Is 4973623 a composite number?
False
Is 29065633 prime?
True
Is 186332621 a prime number?
True
Is 9167891 composite?
True
Is 16277327 composite?
True
Is 886749819 composite?
True
Is 443833679 prime?
True
Is 4182811 a prime number?
False
Is 114528923 prime?
True
Is 6785263 a composite number?
False
Is 44342293 composite?
False
Is 41173001 a prime number?
True
Is 104077205 a prime number?
False
Is 8897117 prime?
False
Is 16451887 composite?
True
Is 18016171 prime?
False
Is 3257611 a prime number?
False
Is 29669933 a prime number?
True
Is 8198479 composite?
False
Is 161673845 composite?
True
Is 229902263 composite?
False
Is 2485537 a prime number?
True
Is 8516071 prime?
False
Is 19472555 a prime number?
False
Is 33152621 composite?
False
Is 193689941 prime?
True
Is 167763 composite?
True
Is 4675667 prime?
True
Is 16754723 a prime number?
True
Is 4232197 a composite number?
False
Is 167142223 a composite number?
False
Is 1420859 prime?
False
Is 1320091 composite?
False
Is 73735787 a composite number?
False
Is 172454563 composite?
False
Is 43492279 prime?
False
Is 25014511 a composite number?
False
Is 104134001 composite?
False
Is 936383 composite?
True
Is 135551 a composite number?
True
Is 14593333 a prime number?
False
Is 478527905 prime?
False
Is 9210301 prime?
True
Is 5306419 a prime number?
True
Is 3349999 a prime number?
True
Is 61449029 composite?
False
Is 49646017 prime?
True
Is 237731 prime?
False
Is 365909 a composite number?
True
Is 167837 composite?
True
Is 854657 prime?
False
Is 104404439 prime?
True
Is 41498089 composite?
False
Is 7637939 a prime number?
False
Is 8940973 composite?
False
Is 6246947 a prime number?
False
Is 199702541 composite?
True
Is 117054323 a prime number?
True
Is 21650831 a composite number?
False
Is 1929407 a composite number?
False
Is 5896759 a composite number?
True
Is 38933627 composite?
True
Is 78383909 prime?
True
Is 894755 a composite number?
True
Is 2268313 a composite number?
True
Is 670799 a composite number?
True
Is 266561 composite?
True
Is 12165403 composite?
True
Is 315407 composite?
False
Is 3224251 prime?
True
Is 547661 composite?
False
Is 74475809 a composite number?
False
Is 78839161 a composite number?
True
Is 158051507 prime?
False
Is 5213869 a prime number?
False
Is 38046865 a composite number?
True
Is 959203 a prime number?
False
Is 1009213 prime?
False
Is 67176451 a prime number?
True
Is 7287871 a composite number?
True
Is 44183533 prime?
False
Is 5732159 a composite number?
True
Is 174208813 a prime number?
False
Is 9856517 a composite number?
True
Is 13475827 composite?
False
Is 88398581 a composite number?
False
Is 3385363